-10. Let j = u - g. What is the units digit of j?
7
Let d(x) = -2*x + 2. Suppose 4*y = -s - 5, -1 = -y - 3. Let f be d(s). Let r = f - -6. What is the units digit of r?
2
Suppose 4*x = x. Suppose -a + 0*d - 5*d + 42 = x, 0 = -a - 3*d + 40. What is the units digit of a?
7
Suppose -3*h - 7*j + 100 = -3*j, 2*h - 72 = -4*j. What is the tens digit of h?
2
Let t be (-22)/6 - 2/(-3). Let c = t - 0. What is the units digit of (-1)/c*(8 - -1)?
3
Let l(o) = 2*o**2 + 5*o - 7. What is the tens digit of l(-6)?
3
Let d(h) = -4*h + 2. Suppose 0 = -5*q - 2 - 18. What is the tens digit of d(q)?
1
Suppose o - 2 + 22 = 2*j, j - 28 = 2*o. Suppose -3*v + 8*v - 100 = 0. Let s = v + o. What is the units digit of s?
8
What is the tens digit of (73 - 3/(-3))/2?
3
Let t = 4 + -1. Suppose 0*x + t*x = 30. What is the units digit of x?
0
Let h = 1 - -1. Suppose -3*i - 20 = -8*i - 5*c, 2*i + 4*c = h. What is the units digit of i - ((-1)/1 + 2)?
6
Let u be (-12)/9 + (-177)/9. Let k = 17 - u. What is the tens digit of k?
3
Suppose 2*z - u - 2*u - 10 = 0, 0 = -5*z + u + 25. Suppose -335 = -z*a + 3*y, 5*a - 5*y - 217 = 2*a. Suppose -5*w + w + a = 0. What is the tens digit of w?
1
Let c = -2 - -2. Suppose k + c*k = 25. What is the units digit of k?
5
Let t(i) = 11*i**3 + 3*i**2 - 5*i - 3. Let v(a) = -11*a**3 - 2*a**2 + 4*a + 2. Let p(l) = -3*t(l) - 4*v(l). What is the units digit of p(1)?
0
Suppose -3*x = 8 + 1. Let z be (-6)/3 + 1 + x. What is the units digit of (-3)/(-2) - (-2)/z?
1
Let w = -10 - -5. Let b = w - -35. What is the units digit of b?
0
Let c(n) = 4*n**3 - 8*n**2 + 7. Let v(p) = p**3 - p**2 - p + 1. Let r(x) = -c(x) + 3*v(x). Let g be r(3). Let l = -2 + g. What is the units digit of l?
3
Let w(h) = -3*h. Let a be w(-4). Suppose 0 = 5*g - g - 4*s - 112, -3*s = a. Let t = g + -5. What is the tens digit of t?
1
Let s be (-2)/5 - (-114)/10. Let q(j) = j - 9. What is the units digit of q(s)?
2
Suppose 84 = 10*s - 7*s. What is the units digit of s?
8
Let r(c) = c + 2. Let u be r(-3). Let p be u - (-1 + (2 - 7)). Suppose -q - 36 = -p*q. What is the units digit of q?
9
Let g(d) = 2*d + 2. Let f be g(-5). Let i = 1 - f. What is the units digit of i?
9
Let p = 2 + -3. Let i be p*(-1)/(-2)*-4. Suppose 11 = i*q + 5. What is the units digit of q?
3
Let f = 7 + -5. What is the units digit of ((-18)/12)/(f/(-8))?
6
Let c = -2 - -5. Let x(t) = 7*t**3 + 4 - 5 + c*t**3. What is the units digit of x(1)?
9
Let n be (2/3)/(6/9). Suppose -n - 3 = -k. Suppose 0 = -0*b + 4*b - k. What is the units digit of b?
1
What is the tens digit of 16/(-10) + 2 - 2540/(-25)?
0
Let p(y) be the first derivative of -y**2/2 + 7*y + 7. What is the tens digit of p(-11)?
1
Suppose -4*z = -w - z + 17, -2*w = -5*z - 30. Suppose 0 = w*c + c - 138. What is the units digit of c?
3
Suppose 5*c - 15 = 3*x, 11 = 2*c - 3*x - 4. Let i = 8 + -8. Suppose -3*g + 45 + c = i. What is the units digit of g?
5
Let p(d) = 24*d**2 - 4*d - 12. What is the hundreds digit of p(3)?
1
Suppose 28*f = 30*f - 342. What is the units digit of f?
1
Let m be (-62)/(-6) - (-6)/9. Let v(r) = r**2 - 12*r + 14. What is the units digit of v(m)?
3
Let k(m) = m**2 + m. Let v(q) = -5*q**2 + q. Let a(w) = -2*k(w) - v(w). Let u be a(2). Suppose d + u = 2*d. What is the units digit of d?
6
Let z be 3/(9/(-3)) + 31. Let y = -6 + 6. Suppose -4*l - 2 + z = y. What is the units digit of l?
7
Suppose 6*h - 9*h + 63 = 0. Let n = h + -13. What is the units digit of n?
8
Suppose -n = -2*k + 184, 2*n + 372 = 4*k - 2*n. What is the tens digit of k?
9
Let u(a) = -4*a + 2*a - 2*a**2 + 0*a. Let j be u(-2). What is the tens digit of (-19)/j*(0 + 4)?
1
Suppose -2*z = i - 7, -3*z + 2*i = -2*z + 4. Suppose -2*n + 116 = z*n. What is the units digit of n?
9
Let s be (-25 - 0)*(-2)/(-2). Let f = -5 - s. Suppose 2*l = -4 + f. What is the units digit of l?
8
Let q = -2 + 4. Suppose q = -5*k + 12. Suppose k*l = 5*v - 9, 0*v - 3*v = -4*l - 11. What is the units digit of v?
1
Let t be (-117)/6 - (-3)/6. Let f = -12 - t. What is the units digit of f?
7
Suppose -5*x + 1026 = 111. What is the tens digit of x?
8
Let j(a) = a**2 + 5*a - 2. Let x be j(-5). Let s = x + 9. What is the units digit of s?
7
Let o(l) = -l**2 - 5*l + 1. Let m be o(-4). Suppose -m*j + 4 = -6. What is the units digit of (-1)/(j + 15/(-7))?
7
Suppose 4*c - 12 = 5*k, 0 = -5*k - 3*c + 2 - 28. Let g(p) = -p + 3. Let a be g(k). What is the units digit of ((-3)/(-3) - a)/(-2)?
3
Let p(l) = -4*l**3 + l**2 - 2*l + 1. What is the tens digit of p(-2)?
4
Let k(s) = -12*s**3 + 5*s + 5. What is the tens digit of k(-2)?
9
Suppose -3*r = 4*n - 96, -3*n + 93 = r + 2*r. What is the units digit of r?
8
Let b be 8/(-28) + 30/7. Suppose -5*j + 6 - 1 = 0, 39 = 5*u + b*j. Suppose k - 2*k = -v + u, 0 = -2*v - 3*k - 1. What is the units digit of v?
4
Let g(f) be the third derivative of f**4/8 + 5*f**3/6 + 3*f**2. Let v be g(-4). Let w(m) = -3*m - 5. What is the units digit of w(v)?
6
Suppose -58 = -x + 97. What is the units digit of x?
5
Suppose 0*n = 2*n - 24. Let c = -5 + n. What is the units digit of c?
7
Let q be (28/21)/((-4)/(-6)). Suppose -11 = -3*i + q*i. What is the tens digit of i?
1
Suppose -58 - 22 = -2*k. Let h = -24 + k. What is the tens digit of h?
1
Let h = 215 + -635. Let n be h/16 - 3/4. Let y = -15 - n. What is the units digit of y?
2
Suppose 0 = f - 0*f. Suppose -3*h = -f*h - 36. What is the tens digit of h?
1
Let b(k) = 9*k - 1. Let i be b(1). What is the units digit of 1 + (-2 - -1) + i?
8
Suppose 3*g + 2*j + 10 = j, 5*j + 12 = 4*g. Let u = -4 - g. What is the units digit of u/2*(-3 + 1)?
2
Let m be (-4)/18 - 20/(-9). Suppose 0 = j + m - 4. Suppose -14 + j = -n. What is the tens digit of n?
1
Let j(x) = x**3 - 4*x**2 + 2*x + 2. Let h be j(2). Let z(r) = -r**2 + 9*r + 5. Let c(m) = m**2. Let k(y) = h*c(y) - z(y). What is the tens digit of k(-6)?
1
Suppose 5*j - 15 = 2*a, 4*j - 10 = -4*a + 6*a. Suppose 22 = -a*g + 3*g. Let d = 18 + g. What is the units digit of d?
7
Let g be ((-10)/6)/((-1)/12). Suppose -z + 2*i = -1 - 3, -g = -5*z - 2*i. What is the units digit of z?
4
Let k(i) = -i + 11. Let l be k(9). Suppose l*m + 24 = 6*m. Let s = m + -5. What is the units digit of s?
1
What is the units digit of 18 - (2 - 4 - -3)?
7
Let x = 11 - 9. Suppose 0 = -5*o - x*m + 133, -4*m - 52 = -4*o + 32. What is the units digit of o?
5
Let z(c) = c**2 + c - 3. Let d be z(0). What is the units digit of d/4 + 155/20?
7
Let j = 30 - 13. What is the units digit of j?
7
Let l(u) = 78*u. What is the tens digit of l(3)?
3
Let g(p) = 10*p + 1. Let l(q) = -4*q - 18. Let c(r) = -3*r - 12. Let z(m) = -7*c(m) + 5*l(m). Let i be z(7). What is the tens digit of g(i)?
1
Let x = -34 - -48. Suppose -5*o = 4*a - x, a - 2 = o - 2*o. What is the units digit of 4/o*(3 - -3)?
4
Suppose n - 24 = -3*n. Let a(u) = -u**3 + 5*u**2 + 8*u - 8. What is the units digit of a(n)?
4
Let o(r) = r. Let t(j) = j**3 + j**2 + j - 1. Let c(s) = -2*s**3 - 9*s**2 - 5*s + 10. Let g(f) = -c(f) - 3*t(f). Let a be g(6). What is the units digit of o(a)?
5
Let m be 2/(-10) + (-16)/(-5). Suppose 3*q = 4*b - 19 + 5, 5*b = -5*q + 35. Suppose -q = -m*d + 1. What is the units digit of d?
1
Let a(d) = -d**3 + 5*d**2 - 3*d - 3. Let x be a(3). Let v = -4 + x. Suppose v*i = 35 + 1. What is the units digit of i?
8
Let c = -7 - -12. Suppose c*o = 2*o + 12. Suppose -26 = -3*z + o. What is the tens digit of z?
1
Let m = -10 + 17. Let k = 21 - m. What is the tens digit of k?
1
Let s be (4/6)/(2/9). Suppose -6*w + 3*j + 39 = -w, -3*w + s*j + 21 = 0. What is the units digit of w?
9
Let g = -12 - -300. What is the hundreds digit of g?
2
Let t = -13 - -21. Let w be (-1 - -3) + 16/t. Suppose w*s - 65 = -s. What is the tens digit of s?
1
Suppose 12 = -2*a - 5*q + 2*q, -5*q - 20 = 3*a. Let j = a - -12. What is the units digit of j?
2
Suppose -40 = -5*q + 3*q. Suppose -q = 6*w - 2*w. Let f(d) = -d**3 - 4*d**2 + 3*d + 4. What is the units digit of f(w)?
4
Let j(m) = -m**3 + 9*m**2 + 10*m - 21. What is the units digit of j(9)?
9
Suppose 0 = -2*c + 16 + 20. What is the units digit of c?
8
Suppose -s = -5 - 2. Let v = s - -9. What is the units digit of v?
6
Let w = -13 - -8. Let c = 12 + w. What is the units digit of c?
7
Suppose -4*d + 10 = 5*m - 3*d, 2 = m + 5*d. Suppose -4*c + 28 = -4*s 